8
Let t(u) = 41*u**3 + 6*u**2 - 12*u + 22. Let v be t(7). Suppose 19*a - 4*a = v. What is the units digit of a?
3
Let h(p) = p**2 - 27*p - 26. Let n be h(28). Suppose 0 = c - 5*z - 100 - 199, -n*c + 598 = -5*z. What is the hundreds digit of c?
2
Suppose -3*w - 436*s + 108513 = -439*s, 5*w = 3*s + 180863. What is the thousands digit of w?
6
Let f(r) = 6*r**3 + 7*r**2 - 15*r - 4. Let d(p) = -p**3 + 10*p**2 - 21*p + 111. Let v be d(9). What is the hundreds digit of f(v)?
1
Suppose -261511 = -3*z - 33*k + 40*k, 4*z = k + 348698. What is the thousands digit of z?
7
Let b(n) = -n**3 + 18*n**2 - 27*n + 17. What is the hundreds digit of b(-15)?
8
What is the units digit of 12387*(-2 - 16/(-6)) + -13 + 5?
0
What is the hundreds digit of (20844/48)/((-35)/(-14)*1/10)?
7
Suppose -85*d = -80*d - 3520. Let p = d + -411. Suppose 5*l + m - 763 = 0, 4*l - 303 - p = 4*m. What is the tens digit of l?
5
Let d be (-103482)/(-45) + (-4)/(-10). Suppose -3*m = p + p - d, -3*p - m + 3457 = 0. What is the thousands digit of p?
1
Let j(l) = 20*l**2 - l + 2. Let d = -37 - -57. Let c be (d/6 - 3) + 4/6. What is the tens digit of j(c)?
2
Let w = 3800 - 910. What is the hundreds digit of w?
8
Let j(q) = -q**3 - 6*q**2 - q - 8. Let o be j(-6). What is the units digit of (6 - (-207)/(-36))*(o - -4374)?
3
Let j(k) = -109*k + 458. What is the thousands digit of j(-6)?
1
Let j(b) = b**3 + 38*b**2 - 53*b - 27. Suppose -l - 15*v + 11*v - 35 = 0, 4*l - 5*v + 161 = 0. What is the tens digit of j(l)?
1
Let c = -575 - -255. Let r be 25/40*(12 + -6 - -2). What is the tens digit of (1*6/r)/((-3)/c)?
2
Let p(v) = v**2 + v**2 + 6*v + 5*v**2 + 1. Let a be p(3). Suppose a*l = 80*l + 402. What is the units digit of l?
1
Let r = -31 - -29. Let y = 2 - r. Suppose 2*n - 672 = -2*n + y*q, 5*q - 315 = -2*n. What is the units digit of n?
5
Let l be -2 + 1 - (935 + -37). Let h = l - -1993. What is the units digit of h?
4
Suppose 4*g = -66 + 130. Suppose -9*l - 28 = -g*l. What is the units digit of l?
4
Let u be (-1892)/242 + 2/(-11). Let k be -178*(u/(-2) + -8). Suppose 0 = 2*v + 10 - 0, 4*h + 4*v - k = 0. What is the hundreds digit of h?
1
Let v = 345 - -153. Suppose 10 = 2*w - v. What is the units digit of w?
4
What is the ten thousands digit of 28/16 + (-2408450)/(-40) - 12/2?
6
Let z(h) = -6089*h - 167. What is the units digit of z(-4)?
9
Let f(q) = -3*q**3 - 21*q**2 - 43*q - 20. Let u(g) = -7*g**3 - 41*g**2 - 86*g - 40. Let o(n) = 5*f(n) - 2*u(n). What is the units digit of o(-21)?
1
Let k(b) = b**2 - 4*b + 5. Let v be k(0). Suppose 0 = n - v*i - 29 - 10, 5*n + 5*i - 75 = 0. What is the tens digit of n?
1
Suppose w = 3*t + 628, 0 = 2*t + 3*w + 318 + 86. Suppose -4*c + 1893 - 313 = 0. Let g = c + t. What is the units digit of g?
7
Let a be ((-2)/(-8)*4*-10)/(-1). Suppose 65 + a = -q. What is the tens digit of 18*(-5 + q/(-10))?
4
What is the hundreds digit of ((-3)/6*3)/(18/(-62724))?
2
Suppose 2*q = 3*p - 4995, 7200 - 2205 = 3*p + q. Suppose -5*c + p = 5*v - 0*c, v = c + 327. What is the units digit of (v/(-35))/(4/(-56))?
2
Let u = -504 + 17244. What is the units digit of u?
0
Let y be -6*(-4 - 1)*18/15. Let j = y - 33. Suppose j*g = -0*g + 54. What is the tens digit of g?
1
Let v = -35 - -41. Suppose -3 + 9 = -3*u - 4*b, 0 = -3*u + 4*b - v. What is the units digit of ((u - 0)/2)/(1/(-71))?
1
Suppose -3*k + 16*k = 507. Suppose 4589 = 13*a + k. What is the hundreds digit of a?
3
Let q(g) = -g**2 - 14*g - 43. Let v be q(-6). Suppose u - 106 = -7*s + 2*s, 4*u + 126 = v*s. Suppose -24*l = -s*l - 514. What is the units digit of l?
7
Suppose 0 = 43*v - 262669 + 89809. What is the units digit of v?
0
Suppose 2*j + 2*x = -4, -3*j + 1 = 5*x + 11. Suppose j*m - 5*m = 2*a - 95, 2*m - 185 = -5*a. What is the units digit of a?
5
Let u(b) be the second derivative of 5*b**4/3 + 2*b**3/3 - 51*b**2 + 152*b. What is the hundreds digit of u(8)?
2
Let j be 11314/(-12) + (-6 - (-105)/18). Let f = j + 1794. Suppose -f = -11*l - 103. What is the units digit of l?
8
Suppose -6*l = 3*o - 177639, -10*l + 6*l + 118440 = 4*o. What is the hundreds digit of l?
6
Suppose 0 = -5*g - h - 3717, -4*h - 1088 = 3*g + 1132. Let c = -705 - g. What is the tens digit of c?
3
Let j = 10102 + 29481. What is the hundreds digit of j?
5
Suppose 0 = -3*w - 69. Let x = -23 - w. Suppose -5*b = -20, x*q + 5*q + 4*b = 341. What is the units digit of q?
5
Let i(x) = x**2 - 3. Let z(p) = 3*p**2 - 7. Let u(o) = -5*i(o) + 2*z(o). Let f be u(-1). Suppose -f*q + 150 + 224 = 0. What is the units digit of q?
7
Suppose 95904 = 88*y - 76*y. What is the thousands digit of y?
7
Let m be ((-22)/(-4))/((-1)/2). Let y = 11 + m. Suppose y = -4*z - 8, 3*z - 66 = -2*u + 2*z. What is the units digit of u?
4
What is the thousands digit of 1/(-7)*-2 - (2028750/42)/(-5)?
9
Let m(w) = 3*w - 7. Suppose 2*n + d + 4*d - 15 = 0, -n = -5*d. Let x be m(n). What is the tens digit of 710/x + (-33)/44?
8
Let o be 1/2*1*(-512)/(-16). Let b be (-1)/(-1 - o/(-20)). Suppose -b*i - 57 = -777. What is the hundreds digit of i?
1
Let k be 6/2*-3*25/(-45). What is the units digit of (-43 - -53)*128/k?
6
Let k(x) = -8386*x + 2881. What is the tens digit of k(-4)?
2
Let j be -24*3*5/(-6). Let q be j/18*(4/5 - -1). What is the units digit of 94*(-25)/(-15) - (-2)/q?
7
Suppose 16*m + 1050 = 4*f + 21*m, -f + 3*m + 254 = 0. What is the hundreds digit of f?
2
Let n(j) = -16*j - 135. Let o be n(-9). Let z(a) = 25*a - 33. What is the tens digit of z(o)?
9
Let m(a) = 14 - 259*a + 513*a + 1 + 1 - 347*a. Suppose -s + 3 = -2*x, 6*x + 5*s = x - 15. What is the units digit of m(x)?
2
What is the thousands digit of (-6)/(-10) - (8 - (12 + 393211/65))?
6
Let t(q) = -q + 23. Suppose 0 = -4*w + 4*y + 8, 2*w + 4 + 7 = 5*y. Suppose z - 11 = 5*d, -z + w = -3*d + 2. What is the tens digit of t(z)?
2
Let j(p) = 3*p**2 - 69*p + 14. Let k be j(23). Let z(i) = 6*i**2 - 3*i + 54. What is the hundreds digit of z(k)?
1
Let r(q) = -16*q - 8. Let l be r(-1). Let f be 2/l + 120/32. Suppose 3*y = -m + 178, 787 = f*m + 2*y - 5*y. What is the tens digit of m?
9
Let p(x) = 29*x**3 - 9*x**2 + 24*x - 11. What is the thousands digit of p(5)?
3
Suppose 0*z = -10*z + 2550. What is the hundreds digit of (z/60)/((-2)/(-136))?
2
Let n = 73 - 57. Suppose -8*w = -12*w - n. What is the tens digit of ((-2)/(-4))/(1*w/(-1048))?
3
Suppose -11207 = -3*j - 5*r, -j - r + 1763 = -1974. Suppose -5*i - 1882 = 4*t - 5600, -5*i + j = -3*t. What is the hundreds digit of i?
7
Let q = -23777 + 59120. What is the thousands digit of q?
5
Let n(c) = 64*c + 658. What is the units digit of n(53)?
0
Suppose -2*z = -40 - 8. What is the thousands digit of z/4 - (2 - (1893 - -2))?
1
Let o(k) be the second derivative of 47*k**3/6 - 19*k**2 + 28*k. What is the tens digit of o(10)?
3
Let k be 9 - 2/((-8)/(-12)). What is the hundreds digit of 2013/k - 1/2?
3
Suppose 4*b - 2*x - 150660 = 0, -8*b + 11*b + 2*x - 113002 = 0. What is the tens digit of b?
6
Let y = 37129 - 20181. What is the ten thousands digit of y?
1
Suppose 2 = -3*u - 4*x - 15, 0 = 2*u - 2*x + 2. Let s(f) be the second derivative of -10*f**3/3 + 5*f**2 - f. What is the tens digit of s(u)?
7
Let q be 1*(3 - (152 - (0 - 1))). Let v be (-12)/(-8)*q/(-9). Let m = 35 + v. What is the units digit of m?
0
Let a = -28989 - -40902. What is the units digit of a?
3
Suppose 0 = 5*m - 3*w - 7983, 3*m = 7*m - w - 6385. Suppose -1587 = -2*n - 14*s + 9*s, -2*n = -4*s - m. What is the hundreds digit of n?
7
Suppose -b + 52788 = 4*o - 20862, 2*b + 4 = 0. What is the thousands digit of o?
8
What is the hundreds digit of (1737/(-4))/(-38 + (-249899)/(-6580))?
2
Let k(y) = -53*y - 112. Let q be k(-9). Let u = q + -121. What is the tens digit of u?
4
Let u(r) = 1428*r - 18161. What is the hundreds digit of u(69)?
3
Suppose 0 = 3*k + 2*k - 9900. Suppose -10*y = -y - k. Suppose 5*f = -y + 660. What is the units digit of f?
8
Let g(p) = 239*p**3 + 2*p**2 - 82*p + 369. What is the tens digit of g(5)?
8
Let k be 1 - -2 - (-12)/(-6) - 7. What is the tens digit of 5349/6 + ((-33)/k - 4)?
9
Let j(l) = l**3 - 14*l**2 - 18*l - 3. Suppose -5*y = -12*y + 112. What is the units digit of j(y)?
1
Let o(l) = 1726*l + 547. What is the hundreds digit of o(15)?
4
Suppose 3*d + 25*u - 58186 = 24*u, 0 = -2*u - 10. What is the te